{"id":15436,"date":"2020-04-01T14:35:39","date_gmt":"2020-04-01T12:35:39","guid":{"rendered":"http:\/\/www.cafelapalma.com\/?page_id=15436"},"modified":"2020-09-15T18:19:07","modified_gmt":"2020-09-15T16:19:07","slug":"nota-informativa-covid-19","status":"publish","type":"page","link":"https:\/\/www.cafelapalma.com\/en\/nota-informativa-covid-19\/","title":{"rendered":"[:es] Nota informativa Covid-19 [:en] Information about Covid-19"},"content":{"rendered":"\n<p class=\"wp-block-paragraph\">[:es]<\/p>\n\n\n\n<p class=\"wp-block-paragraph\"><strong>Madrid, 2 de septiembre de 2020<\/strong><\/p>\n\n\n\n<p class=\"wp-block-paragraph\">En virtud de las medidas anunciadas por la Comunidad de Madrid a finales del pasado mes de agosto para el sector del ocio nocturno, cuyas limitaciones comprenden la paralizaci\u00f3n total de las actividades art\u00edsticas y comerciales de las salas de m\u00fasica en directo, <strong>CAFE LA PALMA<\/strong> mantendr\u00e1 sus puertas cerradas hasta la derogaci\u00f3n de dichas restricciones.<\/p>\n\n\n\n<p class=\"wp-block-paragraph\">La complejidad de toda esta situaci\u00f3n, latente y manifiesta, se traduce en una constante incertidumbre que a d\u00eda de hoy nos hace imposible atisbar un futuro en el que se nos permita ejercer nuestra actividad con garant\u00edas.<\/p>\n\n\n\n<p class=\"wp-block-paragraph\">En todo caso, esperamos veros a todos lo m\u00e1s pronto posible y con salud, que es lo que cuenta.<\/p>\n\n\n\n<p class=\"has-text-align-center wp-block-paragraph\">Atentamente,<\/p>\n\n\n\n<p class=\"wp-block-paragraph\"><\/p>\n\n\n\n<p class=\"wp-block-paragraph\"><\/p>\n\n\n\n<div class=\"wp-block-image\"><figure class=\"aligncenter size-large is-resized\"><img loading=\"lazy\" decoding=\"async\" src=\"http:\/\/www.cafelapalma.com\/wp-content\/uploads\/2014\/02\/logo-home-spikes-1024x284.png\" alt=\"\" class=\"wp-image-19\" width=\"292\" height=\"80\"\/><\/figure><\/div>\n\n\n\n<p class=\"wp-block-paragraph\"><\/p>\n\n\n\n<p class=\"wp-block-paragraph\"><\/p>\n\n\n\n<p class=\"wp-block-paragraph\"><\/p>\n\n\n\n<p class=\"wp-block-paragraph\">[:en]<\/p>\n\n\n\n<p class=\"wp-block-paragraph\"><\/p>\n\n\n\n<p class=\"wp-block-paragraph\"><\/p>\n\n\n\n<p class=\"wp-block-paragraph\">Given the State of Alarm decreed by the Government of Spain to deal with the health crisis caused by the COVID-19 epidemic, CAF\u00c9 LA PALMA has been forced to paralyze its activity until further notice.<\/p>\n\n\n\n<p class=\"wp-block-paragraph\">We hope to resume our normal activity as soon as the competent authorities allow it, and provided that the eventual scenario does not imply any risk to the health of our clients and our workers.<\/p>\n\n\n\n<p class=\"wp-block-paragraph\">Our Programming Department is already working so that the tickets for the canceled concerts are returned as soon as possible through the same channels through which they were purchased.<\/p>\n\n\n\n<p class=\"wp-block-paragraph\">Likewise, we are also working tirelessly to relocate all the gangs affected by the cessation of activity. The dates of the postponements will be announced gradually as the situation normalizes.<\/p>\n\n\n\n<p class=\"wp-block-paragraph\">We ask for your patience and understanding in these difficult times. We promise that we will all dance again as soon as possible.<\/p>\n\n\n\n<p class=\"wp-block-paragraph\">Sincerely,<\/p>\n\n\n\n<div class=\"wp-block-image\"><figure class=\"aligncenter size-large is-resized\"><img loading=\"lazy\" decoding=\"async\" src=\"http:\/\/www.cafelapalma.com\/wp-content\/uploads\/2014\/02\/logo-home-spikes-1024x284.png\" alt=\"\" class=\"wp-image-19\" width=\"292\" height=\"80\"\/><\/figure><\/div>\n","protected":false},"excerpt":{"rendered":"<p>[:es] Madrid, 2 de septiembre de 2020 En virtud de las medidas anunciadas por la Comunidad de Madrid a finales del pasado mes de agosto para el sector del ocio nocturno, cuyas limitaciones comprenden la paralizaci\u00f3n total de las actividades art\u00edsticas y comerciales de las salas de m\u00fasica en directo, CAFE LA PALMA mantendr\u00e1 sus &hellip; <\/p>\n","protected":false},"author":2,"featured_media":0,"parent":0,"menu_order":0,"comment_status":"closed","ping_status":"closed","template":"","meta":{"_tec_requires_first_save":true,"_uag_custom_page_level_css":"","loftloader_page_shortcode":"","_EventAllDay":false,"_EventTimezone":"","_EventStartDate":"","_EventEndDate":"","_EventStartDateUTC":"","_EventEndDateUTC":"","_EventShowMap":false,"_EventShowMapLink":false,"_EventURL":"","_EventCost":"","_EventCostDescription":"","_EventCurrencySymbol":"","_EventCurrencyCode":"","_EventCurrencyPosition":"","_EventDateTimeSeparator":"","_EventTimeRangeSeparator":"","_EventOrganizerID":[],"_EventVenueID":[],"_OrganizerEmail":"","_OrganizerPhone":"","_OrganizerWebsite":"","_VenueAddress":"","_VenueCity":"","_VenueCountry":"","_VenueProvince":"","_VenueState":"","_VenueZip":"","_VenuePhone":"","_VenueURL":"","_VenueStateProvince":"","_VenueLat":"","_VenueLng":"","_VenueShowMap":false,"_VenueShowMapLink":false,"_tribe_blocks_recurrence_rules":"","_tribe_blocks_recurrence_description":"","_tribe_blocks_recurrence_exclusions":"","_ecp_custom_2":"","footnotes":""},"class_list":["post-15436","page","type-page","status-publish","hentry"],"uagb_featured_image_src":{"full":false,"thumbnail":false,"medium":false,"medium_large":false,"large":false,"1536x1536":false,"2048x2048":false,"trp-custom-language-flag":false,"blossom-feminine-slider":false,"blossom-feminine-featured":false,"blossom-feminine-with-sidebar":false,"blossom-feminine-blog":false,"blossom-feminine-cat":false,"blossom-feminine-related":false,"blossom-feminine-schema":false},"uagb_author_info":{"display_name":"Victor","author_link":"https:\/\/www.cafelapalma.com\/en\/author\/comunicacion\/"},"uagb_comment_info":0,"uagb_excerpt":"[:es] Madrid, 2 de septiembre de 2020 En virtud de las medidas anunciadas por la Comunidad de Madrid a finales del pasado mes de agosto para el sector del ocio nocturno, cuyas limitaciones comprenden la paralizaci\u00f3n total de las actividades art\u00edsticas y comerciales de las salas de m\u00fasica en directo, CAFE LA PALMA mantendr\u00e1 sus&hellip;","_links":{"self":[{"href":"https:\/\/www.cafelapalma.com\/en\/wp-json\/wp\/v2\/pages\/15436","targetHints":{"allow":["GET"]}}],"collection":[{"href":"https:\/\/www.cafelapalma.com\/en\/wp-json\/wp\/v2\/pages"}],"about":[{"href":"https:\/\/www.cafelapalma.com\/en\/wp-json\/wp\/v2\/types\/page"}],"author":[{"embeddable":true,"href":"https:\/\/www.cafelapalma.com\/en\/wp-json\/wp\/v2\/users\/2"}],"replies":[{"embeddable":true,"href":"https:\/\/www.cafelapalma.com\/en\/wp-json\/wp\/v2\/comments?post=15436"}],"version-history":[{"count":0,"href":"https:\/\/www.cafelapalma.com\/en\/wp-json\/wp\/v2\/pages\/15436\/revisions"}],"wp:attachment":[{"href":"https:\/\/www.cafelapalma.com\/en\/wp-json\/wp\/v2\/media?parent=15436"}],"curies":[{"name":"wp","href":"https:\/\/api.w.org\/{rel}","templated":true}]}}

<p class="wp-block-paragraph">[:es]</p>



<p class="wp-block-paragraph"><strong>Madrid, 2 de septiembre de 2020</strong></p>



<p class="wp-block-paragraph">En virtud de las medidas anunciadas por la Comunidad de Madrid a finales del pasado mes de agosto para el sector del ocio nocturno, cuyas limitaciones comprenden la paralización total de las actividades artísticas y comerciales de las salas de música en directo, <strong>CAFE LA PALMA</strong> mantendrá sus puertas cerradas hasta la derogación de dichas restricciones.</p>



<p class="wp-block-paragraph">La complejidad de toda esta situación, latente y manifiesta, se traduce en una constante incertidumbre que a día de hoy nos hace imposible atisbar un futuro en el que se nos permita ejercer nuestra actividad con garantías.</p>



<p class="wp-block-paragraph">En todo caso, esperamos veros a todos lo más pronto posible y con salud, que es lo que cuenta.</p>



<p class="has-text-align-center wp-block-paragraph">Atentamente,</p>



<p class="wp-block-paragraph"></p>



<p class="wp-block-paragraph"></p>



<div class="wp-block-image"><figure class="aligncenter size-large is-resized"><img loading="lazy" decoding="async" src="http://www.cafelapalma.com/wp-content/uploads/2014/02/logo-home-spikes-1024x284.png" alt="" class="wp-image-19" width="292" height="80"/></figure></div>



<p class="wp-block-paragraph"></p>



<p class="wp-block-paragraph"></p>



<p class="wp-block-paragraph"></p>



<p class="wp-block-paragraph">[:en]</p>



<p class="wp-block-paragraph"></p>



<p class="wp-block-paragraph"></p>



<p class="wp-block-paragraph">Given the State of Alarm decreed by the Government of Spain to deal with the health crisis caused by the COVID-19 epidemic, CAFÉ LA PALMA has been forced to paralyze its activity until further notice.</p>



<p class="wp-block-paragraph">We hope to resume our normal activity as soon as the competent authorities allow it, and provided that the eventual scenario does not imply any risk to the health of our clients and our workers.</p>



<p class="wp-block-paragraph">Our Programming Department is already working so that the tickets for the canceled concerts are returned as soon as possible through the same channels through which they were purchased.</p>



<p class="wp-block-paragraph">Likewise, we are also working tirelessly to relocate all the gangs affected by the cessation of activity. The dates of the postponements will be announced gradually as the situation normalizes.</p>



<p class="wp-block-paragraph">We ask for your patience and understanding in these difficult times. We promise that we will all dance again as soon as possible.</p>



<p class="wp-block-paragraph">Sincerely,</p>



<div class="wp-block-image"><figure class="aligncenter size-large is-resized"><img loading="lazy" decoding="async" src="http://www.cafelapalma.com/wp-content/uploads/2014/02/logo-home-spikes-1024x284.png" alt="" class="wp-image-19" width="292" height="80"/></figure></div>

<p>[:es] Madrid, 2 de septiembre de 2020 En virtud de las medidas anunciadas por la Comunidad de Madrid a finales del pasado mes de agosto para el sector del ocio nocturno, cuyas limitaciones comprenden la paralización total de las actividades artísticas y comerciales de las salas de música en directo, CAFE LA PALMA mantendrá sus &hellip; </p>

[:es] Madrid, 2 de septiembre de 2020 En virtud de las medidas anunciadas por la Comunidad de Madrid a finales del pasado mes de agosto para el sector del ocio nocturno, cuyas limitaciones comprenden la paralización total de las actividades artísticas y comerciales de las salas de música en directo, CAFE LA PALMA mantendrá sus&hellip;
