{"id":34237,"date":"2026-06-01T11:45:20","date_gmt":"2026-06-01T09:45:20","guid":{"rendered":"https:\/\/www.cafelapalma.com\/?post_type=tribe_events&#038;p=34237"},"modified":"2026-06-09T08:17:35","modified_gmt":"2026-06-09T06:17:35","slug":"mucho-muchacho-showcase-dj-set","status":"publish","type":"tribe_events","link":"https:\/\/www.cafelapalma.com\/en\/programacion\/mucho-muchacho-showcase-dj-set\/","title":{"rendered":"MUCHO MUCHACHO SHOWCASE + DJ SET"},"content":{"rendered":"<div  class=\"tribe-events-schedule tribe-clearfix\" >\n\t<p class=\"tribe-events-schedule__datetime\">\n\t\t<span class=\"tribe-events-schedule__date tribe-events-schedule__date--start\">\n\t\t\t25  June\t\t<\/span>\n\n\t\t\t\t\t<span class=\"tribe-events-schedule__separator tribe-events-schedule__separator--date\">\n\t\t\t\t@\t\t\t<\/span>\n\t\t\t<span class=\"tribe-events-schedule__time tribe-events-schedule__time--start\">\n\t\t\t\t23:55\t\t\t<\/span>\n\t\t\n\t\t\t<\/p>\n<\/div>\n\n\n<div  class=\"tribe-block tribe-block__event-price\" >\n\t\t\t<span class=\"tribe-block__event-price__cost\"> 12\u20ac <\/span>\n\t\t\t\t<span class=\"tribe-block__event-price__description\">+ gg Anticipada | 14\u20ac Taquilla | Incluye UNA COPA o DOS CERVEZAS.<\/span>\n\t<\/div>\n\n\n\n<div class=\"wp-block-columns is-layout-flex wp-container-core-columns-is-layout-8f761849 wp-block-columns-is-layout-flex\">\n<div class=\"wp-block-column is-layout-flow wp-block-column-is-layout-flow\" style=\"flex-basis:33.33%\">\n<figure class=\"wp-block-image size-large\"><img loading=\"lazy\" decoding=\"async\" width=\"832\" height=\"1040\" src=\"https:\/\/www.cafelapalma.com\/wp-content\/uploads\/2026\/06\/MUCHO-MUCHACHO-1-832x1040.png\" alt=\"\" class=\"wp-image-34288\" srcset=\"https:\/\/www.cafelapalma.com\/wp-content\/uploads\/2026\/06\/MUCHO-MUCHACHO-1-832x1040.png 832w, https:\/\/www.cafelapalma.com\/wp-content\/uploads\/2026\/06\/MUCHO-MUCHACHO-1-240x300.png 240w, https:\/\/www.cafelapalma.com\/wp-content\/uploads\/2026\/06\/MUCHO-MUCHACHO-1-768x960.png 768w, https:\/\/www.cafelapalma.com\/wp-content\/uploads\/2026\/06\/MUCHO-MUCHACHO-1-10x12.png 10w, https:\/\/www.cafelapalma.com\/wp-content\/uploads\/2026\/06\/MUCHO-MUCHACHO-1-48x60.png 48w, https:\/\/www.cafelapalma.com\/wp-content\/uploads\/2026\/06\/MUCHO-MUCHACHO-1.png 1080w\" sizes=\"auto, (max-width: 832px) 100vw, 832px\" \/><\/figure>\n\n\n<div  class=\"tribe-block tribe-block__event-website\" >\n\t<a\n\t\thref=\"https:\/\/www.notikumi.com\/channel\/cafe-la-palma\/2026\/6\/25\/mucho-muchacho-showcase-dj-set\"\n\t\ttarget=\"_self\"\n\t\t\t>\n\t\tBUY TICKETS\t<\/a>\n<\/div>\n<\/div>\n\n\n\n<div class=\"wp-block-column is-layout-flow wp-block-column-is-layout-flow\" style=\"flex-basis:66.66%\">\n<div style=\"height:100px\" aria-hidden=\"true\" class=\"wp-block-spacer\"><\/div>\n\n\n\n<p class=\"has-text-align-left wp-block-paragraph\">Despu\u00e9s de una intensa gira por Latinoam\u00e9rica con fechas en Argentina, Chile y M\u00e9xico, Mucho Muchacho regresa a Madrid para presentar en exclusiva el lanzamiento de \u201cJoyer\u00edas Nafria Vol. I feat. Mucho Muchacho\u201d junto a Nafri.<\/p>\n\n\n\n<p class=\"has-text-align-left wp-block-paragraph\">Una jornada \u00fanica, donde podremos presenciar un showcase y DJ set especial de Mucho Muchacho e invitados sorpresa. Adem\u00e1s, para los mas fans, habr\u00e1 una venta exclusiva y limitada del legendario disco nominado al Grammy \u201cLa Mami Internacional\u201d de 7 Notas 7 Colores en vinilo color rosa 180 gramos, edici\u00f3n limitada para coleccionistas.<\/p>\n\n\n\n<p class=\"has-text-align-right wp-block-paragraph\"><a href=\"https:\/\/open.spotify.com\/intl-es\/artist\/0PajLDK4vA1VnOVyYYO7Ae?si=3kwMdID2QNKlz-XZ63qhYg\" type=\"link\" id=\"https:\/\/open.spotify.com\/intl-es\/artist\/0PajLDK4vA1VnOVyYYO7Ae?si=3kwMdID2QNKlz-XZ63qhYg\"><em>Listen to <\/em><strong>Mucho Muchacho <\/strong><em>in <\/em><strong>Spotify<\/strong>.<\/a><\/p>\n<\/div>\n<\/div>\n\n\n\n<div style=\"height:100px\" aria-hidden=\"true\" class=\"wp-block-spacer\"><\/div>\n\n\n<h2 class=\"tribe-block__related-events__title\">Related Events<\/h2>\n\n<ul  class=\"tribe-related-events tribe-clearfix\" >\n\t\t\t<li>\n\t\n<div class=\"tribe-related-events-thumbnail\">\n\t<a href=\"https:\/\/www.cafelapalma.com\/en\/programacion\/fent-daboga-keruviin\/\" class=\"url\" rel=\"bookmark\" tabindex=\"-1\" aria-hidden=\"true\"><img loading=\"lazy\" decoding=\"async\" width=\"832\" height=\"1040\" src=\"https:\/\/www.cafelapalma.com\/wp-content\/uploads\/2026\/07\/cartel_concierto_03-09-832x1040.jpeg\" class=\"attachment-large size-large wp-post-image\" alt=\"\" \/><\/a>\n<\/div>\n\t<div class=\"tribe-related-event-info\">\n\t<h3 class=\"tribe-related-events-title\">\n\t\t<a href=\"https:\/\/www.cafelapalma.com\/en\/programacion\/fent-daboga-keruviin\/\" class=\"tribe-event-url\" rel=\"bookmark\">\n\t\t\tF\u20acNT + DABOGA + KERUVIIN\t\t<\/a>\n\t<\/h3>\n\t<span class=\"tribe-event-date-start\">3  September@21:00<\/span><span class=\"tribe-event-time\">23:59<\/span><\/div>\n<\/li>\n\t\t\t<li>\n\t\n<div class=\"tribe-related-events-thumbnail\">\n\t<a href=\"https:\/\/www.cafelapalma.com\/en\/programacion\/selected-layers-by-monkey-soul\/\" class=\"url\" rel=\"bookmark\" tabindex=\"-1\" aria-hidden=\"true\"><img loading=\"lazy\" decoding=\"async\" width=\"594\" height=\"1040\" src=\"https:\/\/www.cafelapalma.com\/wp-content\/uploads\/2026\/07\/pic1-e1785333628477-594x1040.png\" class=\"attachment-large size-large wp-post-image\" alt=\"\" \/><\/a>\n<\/div>\n\t<div class=\"tribe-related-event-info\">\n\t<h3 class=\"tribe-related-events-title\">\n\t\t<a href=\"https:\/\/www.cafelapalma.com\/en\/programacion\/selected-layers-by-monkey-soul\/\" class=\"tribe-event-url\" rel=\"bookmark\">\n\t\t\t\u00abSELECTED LAYERS\u00bb BY MONKEY SOUL\t\t<\/a>\n\t<\/h3>\n\t<span class=\"tribe-event-date-start\">3  September@23:55<\/span><\/div>\n<\/li>\n\t\t\t<li>\n\t\n<div class=\"tribe-related-events-thumbnail\">\n\t<a href=\"https:\/\/www.cafelapalma.com\/en\/programacion\/vertice-marta-canosa\/\" class=\"url\" rel=\"bookmark\" tabindex=\"-1\" aria-hidden=\"true\"><img loading=\"lazy\" decoding=\"async\" width=\"736\" height=\"1040\" src=\"https:\/\/www.cafelapalma.com\/wp-content\/uploads\/2026\/06\/Cartel_Vertice_Cafelapalma_Impresion_page-0001-1-736x1040.jpg\" class=\"attachment-large size-large wp-post-image\" alt=\"\" \/><\/a>\n<\/div>\n\t<div class=\"tribe-related-event-info\">\n\t<h3 class=\"tribe-related-events-title\">\n\t\t<a href=\"https:\/\/www.cafelapalma.com\/en\/programacion\/vertice-marta-canosa\/\" class=\"tribe-event-url\" rel=\"bookmark\">\n\t\t\tV\u00c9RTICE + MARTA CANOSA\t\t<\/a>\n\t<\/h3>\n\t<span class=\"tribe-event-date-start\">4  September@21:30<\/span><span class=\"tribe-event-time\">23:45<\/span><\/div>\n<\/li>\n\t<\/ul>","protected":false},"excerpt":{"rendered":"<p>Despu\u00e9s de una intensa gira por Latinoam\u00e9rica con fechas en Argentina, Chile y M\u00e9xico, Mucho Muchacho regresa a Madrid para presentar en exclusiva el lanzamiento de \u201cJoyer\u00edas Nafria Vol. I feat. Mucho Muchacho\u201d junto a Nafri. Una jornada \u00fanica, donde podremos presenciar un showcase y DJ set especial de Mucho Muchacho e invitados sorpresa. Adem\u00e1s, &hellip; <\/p>","protected":false},"author":2,"featured_media":34239,"template":"","meta":{"_tec_requires_first_save":false,"_uag_custom_page_level_css":"","loftloader_page_shortcode":"","_EventAllDay":false,"_EventTimezone":"Europe\/Madrid","_EventStartDate":"2026-06-25 23:55:00","_EventEndDate":"2026-06-25 23:55:00","_EventStartDateUTC":"2026-06-25 21:55:00","_EventEndDateUTC":"2026-06-25 21:55:00","_EventShowMap":false,"_EventShowMapLink":false,"_EventURL":"https:\/\/www.notikumi.com\/channel\/cafe-la-palma\/2026\/6\/25\/mucho-muchacho-showcase-dj-set","_EventCost":"12","_EventCostDescription":"","_EventCurrencySymbol":"\u20ac","_EventCurrencyCode":"USD","_EventCurrencyPosition":"suffix","_EventDateTimeSeparator":"@","_EventTimeRangeSeparator":"-","_EventOrganizerID":[],"_EventVenueID":[],"_OrganizerEmail":"","_OrganizerPhone":"","_OrganizerWebsite":"","_VenueAddress":"","_VenueCity":"","_VenueCountry":"","_VenueProvince":"","_VenueState":"","_VenueZip":"","_VenuePhone":"","_VenueURL":"","_VenueStateProvince":"","_VenueLat":"","_VenueLng":"","_VenueShowMap":false,"_VenueShowMapLink":false,"_tribe_blocks_recurrence_rules":"","_tribe_blocks_recurrence_description":"","_tribe_blocks_recurrence_exclusions":"","_ecp_custom_2":"","_tribe_events_status":"","_tribe_events_status_reason":"","_tribe_events_is_hybrid":"","_tribe_events_is_virtual":"","_tribe_events_virtual_video_source":"","_tribe_events_virtual_embed_video":"","_tribe_events_virtual_linked_button_text":"","_tribe_events_virtual_linked_button":"","_tribe_events_virtual_show_embed_at":"","_tribe_events_virtual_show_embed_to":[],"_tribe_events_virtual_show_on_event":"","_tribe_events_virtual_show_on_views":"","_tribe_events_virtual_url":"","footnotes":""},"tags":[18631,1363,9225,2865,9147,9146,13995,18633,18630,18634,18629,18632,2395],"tribe_events_cat":[8964],"class_list":["post-34237","tribe_events","type-tribe_events","status-publish","has-post-thumbnail","hentry","tag-7-notas-7-colores","tag-cafe-la-palma","tag-cafe-la-palma-clubbing","tag-conciertos-cafe-la-palma","tag-conciertos-madrid","tag-conciertos-malasana","tag-hiphop-2","tag-joyerias-nafria-vol-i","tag-keet-the-culture","tag-la-mami-internacional","tag-mucho-muchacho","tag-nafri","tag-rap","tribe_events_cat-clubbing","cat_clubbing"],"uagb_featured_image_src":{"full":["https:\/\/www.cafelapalma.com\/wp-content\/uploads\/2026\/06\/Unknown-1.jpeg",2040,1530,false],"thumbnail":["https:\/\/www.cafelapalma.com\/wp-content\/uploads\/2026\/06\/Unknown-1-150x150.jpeg",150,150,true],"medium":["https:\/\/www.cafelapalma.com\/wp-content\/uploads\/2026\/06\/Unknown-1-300x225.jpeg",300,225,true],"medium_large":["https:\/\/www.cafelapalma.com\/wp-content\/uploads\/2026\/06\/Unknown-1-768x576.jpeg",768,576,true],"large":["https:\/\/www.cafelapalma.com\/wp-content\/uploads\/2026\/06\/Unknown-1-1040x780.jpeg",1020,765,true],"1536x1536":["https:\/\/www.cafelapalma.com\/wp-content\/uploads\/2026\/06\/Unknown-1-1536x1152.jpeg",1536,1152,true],"2048x2048":["https:\/\/www.cafelapalma.com\/wp-content\/uploads\/2026\/06\/Unknown-1.jpeg",2040,1530,false],"trp-custom-language-flag":["https:\/\/www.cafelapalma.com\/wp-content\/uploads\/2026\/06\/Unknown-1-16x12.jpeg",16,12,true],"blossom-feminine-slider":["https:\/\/www.cafelapalma.com\/wp-content\/uploads\/2026\/06\/Unknown-1-1920x649.jpeg",1920,649,true],"blossom-feminine-featured":["https:\/\/www.cafelapalma.com\/wp-content\/uploads\/2026\/06\/Unknown-1-1410x600.jpeg",1410,600,true],"blossom-feminine-with-sidebar":["https:\/\/www.cafelapalma.com\/wp-content\/uploads\/2026\/06\/Unknown-1-1020x600.jpeg",1020,600,true],"blossom-feminine-blog":["https:\/\/www.cafelapalma.com\/wp-content\/uploads\/2026\/06\/Unknown-1-435x435.jpeg",435,435,true],"blossom-feminine-cat":["https:\/\/www.cafelapalma.com\/wp-content\/uploads\/2026\/06\/Unknown-1-450x300.jpeg",450,300,true],"blossom-feminine-related":["https:\/\/www.cafelapalma.com\/wp-content\/uploads\/2026\/06\/Unknown-1-320x200.jpeg",320,200,true],"blossom-feminine-schema":["https:\/\/www.cafelapalma.com\/wp-content\/uploads\/2026\/06\/Unknown-1-80x60.jpeg",80,60,true]},"uagb_author_info":{"display_name":"Victor","author_link":"https:\/\/www.cafelapalma.com\/en\/author\/comunicacion\/"},"uagb_comment_info":0,"uagb_excerpt":"Despu\u00e9s de una intensa gira por Latinoam\u00e9rica con fechas en Argentina, Chile y M\u00e9xico, Mucho Muchacho regresa a Madrid para presentar en exclusiva el lanzamiento de \u201cJoyer\u00edas Nafria Vol. I feat. Mucho Muchacho\u201d junto a Nafri. Una jornada \u00fanica, donde podremos presenciar un showcase y DJ set especial de Mucho Muchacho e invitados sorpresa. Adem\u00e1s,&hellip;","_links":{"self":[{"href":"https:\/\/www.cafelapalma.com\/en\/wp-json\/wp\/v2\/tribe_events\/34237","targetHints":{"allow":["GET"]}}],"collection":[{"href":"https:\/\/www.cafelapalma.com\/en\/wp-json\/wp\/v2\/tribe_events"}],"about":[{"href":"https:\/\/www.cafelapalma.com\/en\/wp-json\/wp\/v2\/types\/tribe_events"}],"author":[{"embeddable":true,"href":"https:\/\/www.cafelapalma.com\/en\/wp-json\/wp\/v2\/users\/2"}],"version-history":[{"count":0,"href":"https:\/\/www.cafelapalma.com\/en\/wp-json\/wp\/v2\/tribe_events\/34237\/revisions"}],"wp:featuredmedia":[{"embeddable":true,"href":"https:\/\/www.cafelapalma.com\/en\/wp-json\/wp\/v2\/media\/34239"}],"wp:attachment":[{"href":"https:\/\/www.cafelapalma.com\/en\/wp-json\/wp\/v2\/media?parent=34237"}],"wp:term":[{"taxonomy":"post_tag","embeddable":true,"href":"https:\/\/www.cafelapalma.com\/en\/wp-json\/wp\/v2\/tags?post=34237"},{"taxonomy":"tribe_events_cat","embeddable":true,"href":"https:\/\/www.cafelapalma.com\/en\/wp-json\/wp\/v2\/tribe_events_cat?post=34237"}],"curies":[{"name":"wp","href":"https:\/\/api.w.org\/{rel}","templated":true}]}}

<div  class="tribe-events-schedule tribe-clearfix" >
	<p class="tribe-events-schedule__datetime">
		<span class="tribe-events-schedule__date tribe-events-schedule__date--start">
			25  June		</span>

					<span class="tribe-events-schedule__separator tribe-events-schedule__separator--date">
				@			</span>
			<span class="tribe-events-schedule__time tribe-events-schedule__time--start">
				23:55			</span>
		
			</p>
</div>


<div  class="tribe-block tribe-block__event-price" >
			<span class="tribe-block__event-price__cost"> 12€ </span>
				<span class="tribe-block__event-price__description">+ gg Anticipada | 14€ Taquilla | Incluye UNA COPA o DOS CERVEZAS.</span>
	</div>



<div class="wp-block-columns is-layout-flex wp-container-core-columns-is-layout-8f761849 wp-block-columns-is-layout-flex">
<div class="wp-block-column is-layout-flow wp-block-column-is-layout-flow" style="flex-basis:33.33%">
<figure class="wp-block-image size-large"><img loading="lazy" decoding="async" width="832" height="1040" src="https://www.cafelapalma.com/wp-content/uploads/2026/06/MUCHO-MUCHACHO-1-832x1040.png" alt="" class="wp-image-34288" srcset="https://www.cafelapalma.com/wp-content/uploads/2026/06/MUCHO-MUCHACHO-1-832x1040.png 832w, https://www.cafelapalma.com/wp-content/uploads/2026/06/MUCHO-MUCHACHO-1-240x300.png 240w, https://www.cafelapalma.com/wp-content/uploads/2026/06/MUCHO-MUCHACHO-1-768x960.png 768w, https://www.cafelapalma.com/wp-content/uploads/2026/06/MUCHO-MUCHACHO-1-10x12.png 10w, https://www.cafelapalma.com/wp-content/uploads/2026/06/MUCHO-MUCHACHO-1-48x60.png 48w, https://www.cafelapalma.com/wp-content/uploads/2026/06/MUCHO-MUCHACHO-1.png 1080w" sizes="auto, (max-width: 832px) 100vw, 832px" /></figure>


<div  class="tribe-block tribe-block__event-website" >
	<a
		href="https://www.notikumi.com/channel/cafe-la-palma/2026/6/25/mucho-muchacho-showcase-dj-set"
		target="_self"
			>
		BUY TICKETS	</a>
</div>
</div>



<div class="wp-block-column is-layout-flow wp-block-column-is-layout-flow" style="flex-basis:66.66%">
<div style="height:100px" aria-hidden="true" class="wp-block-spacer"></div>



<p class="has-text-align-left wp-block-paragraph">Después de una intensa gira por Latinoamérica con fechas en Argentina, Chile y México, Mucho Muchacho regresa a Madrid para presentar en exclusiva el lanzamiento de “Joyerías Nafria Vol. I feat. Mucho Muchacho” junto a Nafri.</p>



<p class="has-text-align-left wp-block-paragraph">Una jornada única, donde podremos presenciar un showcase y DJ set especial de Mucho Muchacho e invitados sorpresa. Además, para los mas fans, habrá una venta exclusiva y limitada del legendario disco nominado al Grammy “La Mami Internacional” de 7 Notas 7 Colores en vinilo color rosa 180 gramos, edición limitada para coleccionistas.</p>



<p class="has-text-align-right wp-block-paragraph"><a href="https://open.spotify.com/intl-es/artist/0PajLDK4vA1VnOVyYYO7Ae?si=3kwMdID2QNKlz-XZ63qhYg" type="link" id="https://open.spotify.com/intl-es/artist/0PajLDK4vA1VnOVyYYO7Ae?si=3kwMdID2QNKlz-XZ63qhYg"><em>Listen to </em><strong>Mucho Muchacho </strong><em>in </em><strong>Spotify</strong>.</a></p>
</div>
</div>



<div style="height:100px" aria-hidden="true" class="wp-block-spacer"></div>


<h2 class="tribe-block__related-events__title">Related Events</h2>

<ul  class="tribe-related-events tribe-clearfix" >
			<li>
	
<div class="tribe-related-events-thumbnail">
	<a href="https://www.cafelapalma.com/en/programacion/fent-daboga-keruviin/" class="url" rel="bookmark" tabindex="-1" aria-hidden="true"><img loading="lazy" decoding="async" width="832" height="1040" src="https://www.cafelapalma.com/wp-content/uploads/2026/07/cartel_concierto_03-09-832x1040.jpeg" class="attachment-large size-large wp-post-image" alt="" /></a>
</div>
	<div class="tribe-related-event-info">
	<h3 class="tribe-related-events-title">
		<a href="https://www.cafelapalma.com/en/programacion/fent-daboga-keruviin/" class="tribe-event-url" rel="bookmark">
			F€NT + DABOGA + KERUVIIN		</a>
	</h3>
	<span class="tribe-event-date-start">3  September@21:00</span><span class="tribe-event-time">23:59</span></div>
</li>
			<li>
	
<div class="tribe-related-events-thumbnail">
	<a href="https://www.cafelapalma.com/en/programacion/selected-layers-by-monkey-soul/" class="url" rel="bookmark" tabindex="-1" aria-hidden="true"><img loading="lazy" decoding="async" width="594" height="1040" src="https://www.cafelapalma.com/wp-content/uploads/2026/07/pic1-e1785333628477-594x1040.png" class="attachment-large size-large wp-post-image" alt="" /></a>
</div>
	<div class="tribe-related-event-info">
	<h3 class="tribe-related-events-title">
		<a href="https://www.cafelapalma.com/en/programacion/selected-layers-by-monkey-soul/" class="tribe-event-url" rel="bookmark">
			«SELECTED LAYERS» BY MONKEY SOUL		</a>
	</h3>
	<span class="tribe-event-date-start">3  September@23:55</span></div>
</li>
			<li>
	
<div class="tribe-related-events-thumbnail">
	<a href="https://www.cafelapalma.com/en/programacion/vertice-marta-canosa/" class="url" rel="bookmark" tabindex="-1" aria-hidden="true"><img loading="lazy" decoding="async" width="736" height="1040" src="https://www.cafelapalma.com/wp-content/uploads/2026/06/Cartel_Vertice_Cafelapalma_Impresion_page-0001-1-736x1040.jpg" class="attachment-large size-large wp-post-image" alt="" /></a>
</div>
	<div class="tribe-related-event-info">
	<h3 class="tribe-related-events-title">
		<a href="https://www.cafelapalma.com/en/programacion/vertice-marta-canosa/" class="tribe-event-url" rel="bookmark">
			VÉRTICE + MARTA CANOSA		</a>
	</h3>
	<span class="tribe-event-date-start">4  September@21:30</span><span class="tribe-event-time">23:45</span></div>
</li>
	</ul>

<p>Después de una intensa gira por Latinoamérica con fechas en Argentina, Chile y México, Mucho Muchacho regresa a Madrid para presentar en exclusiva el lanzamiento de “Joyerías Nafria Vol. I feat. Mucho Muchacho” junto a Nafri. Una jornada única, donde podremos presenciar un showcase y DJ set especial de Mucho Muchacho e invitados sorpresa. Además, &hellip; </p>

Después de una intensa gira por Latinoamérica con fechas en Argentina, Chile y México, Mucho Muchacho regresa a Madrid para presentar en exclusiva el lanzamiento de “Joyerías Nafria Vol. I feat. Mucho Muchacho” junto a Nafri. Una jornada única, donde podremos presenciar un showcase y DJ set especial de Mucho Muchacho e invitados sorpresa. Además,&hellip;
