{"id":34823,"date":"2026-09-02T09:49:10","date_gmt":"2026-09-02T07:49:10","guid":{"rendered":"https:\/\/www.cafelapalma.com\/?post_type=tribe_events&#038;p=34823"},"modified":"2026-09-02T10:03:06","modified_gmt":"2026-09-02T08:03:06","slug":"tribu-le-bert-felipe-urtubia","status":"publish","type":"tribe_events","link":"https:\/\/www.cafelapalma.com\/en\/programacion\/tribu-le-bert-felipe-urtubia\/","title":{"rendered":"TRIBU LE-BERT + FELIPE URTUBIA"},"content":{"rendered":"<div  class=\"tribe-events-schedule tribe-clearfix\" >\n\t<p class=\"tribe-events-schedule__datetime\">\n\t\t<span class=\"tribe-events-schedule__date tribe-events-schedule__date--start\">\n\t\t\t18  October\t\t<\/span>\n\n\t\t\t\t\t<span class=\"tribe-events-schedule__separator tribe-events-schedule__separator--date\">\n\t\t\t\t@\t\t\t<\/span>\n\t\t\t<span class=\"tribe-events-schedule__time tribe-events-schedule__time--start\">\n\t\t\t\t21:00\t\t\t<\/span>\n\t\t\n\t\t\t\t\t\t\t\t\t<span class=\"tribe-events-schedule__separator tribe-events-schedule__separator--time\">\n\t\t\t\t\t&#8211;\t\t\t\t<\/span>\n\t\t\t\n\t\t\t\t\t\t\t<span class=\"tribe-events-schedule__time tribe-events-schedule__time--end\">\n\t\t\t\t\t23:00\t\t\t\t<\/span>\n\t\t\t\n\t\t\t\t\t\t<\/p>\n<\/div>\n\n\n<div  class=\"tribe-block tribe-block__event-price\" >\n\t\t\t<span class=\"tribe-block__event-price__cost\"> 18\u20ac <\/span>\n\t\t\t\t<span class=\"tribe-block__event-price__description\">+ gg Anticipada (incluye UNA CONSUMICI\u00d3N) | 20\u20ac Taquilla (incluye UNA CONSUMICI\u00d3N)<\/span>\n\t<\/div>\n\n\n\n<div class=\"wp-block-columns is-layout-flex wp-container-core-columns-is-layout-8f761849 wp-block-columns-is-layout-flex\">\n<div class=\"wp-block-column is-layout-flow wp-block-column-is-layout-flow\" style=\"flex-basis:33.33%\">\n<figure class=\"wp-block-image size-large\"><img loading=\"lazy\" decoding=\"async\" width=\"832\" height=\"1040\" src=\"https:\/\/www.cafelapalma.com\/wp-content\/uploads\/2026\/09\/MADRID-Tribu-Le-Bert-POST-INSTAGRAM-1-832x1040.png\" alt=\"\" class=\"wp-image-34824\" srcset=\"https:\/\/www.cafelapalma.com\/wp-content\/uploads\/2026\/09\/MADRID-Tribu-Le-Bert-POST-INSTAGRAM-1-832x1040.png 832w, https:\/\/www.cafelapalma.com\/wp-content\/uploads\/2026\/09\/MADRID-Tribu-Le-Bert-POST-INSTAGRAM-1-240x300.png 240w, https:\/\/www.cafelapalma.com\/wp-content\/uploads\/2026\/09\/MADRID-Tribu-Le-Bert-POST-INSTAGRAM-1-10x12.png 10w, https:\/\/www.cafelapalma.com\/wp-content\/uploads\/2026\/09\/MADRID-Tribu-Le-Bert-POST-INSTAGRAM-1-768x960.png 768w, https:\/\/www.cafelapalma.com\/wp-content\/uploads\/2026\/09\/MADRID-Tribu-Le-Bert-POST-INSTAGRAM-1-48x60.png 48w, https:\/\/www.cafelapalma.com\/wp-content\/uploads\/2026\/09\/MADRID-Tribu-Le-Bert-POST-INSTAGRAM-1.png 1080w\" sizes=\"auto, (max-width: 832px) 100vw, 832px\" \/><\/figure>\n\n\n<div  class=\"tribe-block tribe-block__event-website\" >\n\t<a\n\t\thref=\"https:\/\/tickets.baila.fm\/tribu-le-bert-felipe-urtubia-en-madrid-2026\"\n\t\ttarget=\"_self\"\n\t\t\t>\n\t\tBUY TICKETS\t<\/a>\n<\/div>\n<\/div>\n\n\n\n<div class=\"wp-block-column is-layout-flow wp-block-column-is-layout-flow\" style=\"flex-basis:66.66%\">\n<div style=\"height:100px\" aria-hidden=\"true\" class=\"wp-block-spacer\"><\/div>\n\n\n\n<p class=\"has-text-align-left wp-block-paragraph\">Luis y Camilo Le-Bert, acompa\u00f1ados por el acordeonista Ra\u00fal Cruzat, presentan una propuesta musical que encarna la identidad y la proyecci\u00f3n de la canci\u00f3n chilena.<\/p>\n\n\n\n<p class=\"has-text-align-left wp-block-paragraph\"><strong>La Tribu Le-Bert<\/strong> no solo es una uni\u00f3n de talentos; es un puente generacional, familiar y emotivo. En este formato, las trayectorias del hist\u00f3rico Santiago del Nuevo Extremo y la aclamada banda F\u00f3sil convergen para interpretar un repertorio que abarca desde los himnos ineludibles de la m\u00fasica popular chilena hasta las nuevas composiciones de la Tribu, logrando una comuni\u00f3n especial e inolvidable con p\u00fablicos de todas las edades.<\/p>\n\n\n\n<p class=\"has-text-align-left wp-block-paragraph\">Con canciones como \u201cA mi Ciudad\u201d, \u201cSimplemente\u201d, \u201cHomenaje\u201d, \u201cLinda la Minga\u201d y las premiadas cuecas blues (\u00abCueca Blues El Combo Cuequero\u00bb) hasta llegar a \u201cCanela y Baldomero\u201d,\u201cCanci\u00f3n por este Encierro\u201d y \u201cTractorcito Azul\u201d.<\/p>\n<\/div>\n<\/div>\n\n\n<h2 class=\"tribe-block__related-events__title\">Related Events<\/h2>\n\n<ul  class=\"tribe-related-events tribe-clearfix\" >\n\t\t\t<li>\n\t\n<div class=\"tribe-related-events-thumbnail\">\n\t<a href=\"https:\/\/www.cafelapalma.com\/en\/programacion\/fent-daboga-keruviin\/\" class=\"url\" rel=\"bookmark\" tabindex=\"-1\" aria-hidden=\"true\"><img loading=\"lazy\" decoding=\"async\" width=\"832\" height=\"1040\" src=\"https:\/\/www.cafelapalma.com\/wp-content\/uploads\/2026\/07\/cartel_concierto_03-09-832x1040.jpeg\" class=\"attachment-large size-large wp-post-image\" alt=\"\" \/><\/a>\n<\/div>\n\t<div class=\"tribe-related-event-info\">\n\t<h3 class=\"tribe-related-events-title\">\n\t\t<a href=\"https:\/\/www.cafelapalma.com\/en\/programacion\/fent-daboga-keruviin\/\" class=\"tribe-event-url\" rel=\"bookmark\">\n\t\t\tF\u20acNT + DABOGA + KERUVIIN\t\t<\/a>\n\t<\/h3>\n\t<span class=\"tribe-event-date-start\">3  September@21:00<\/span><span class=\"tribe-event-time\">23:59<\/span><\/div>\n<\/li>\n\t\t\t<li>\n\t\n<div class=\"tribe-related-events-thumbnail\">\n\t<a href=\"https:\/\/www.cafelapalma.com\/en\/programacion\/vertice-marta-canosa\/\" class=\"url\" rel=\"bookmark\" tabindex=\"-1\" aria-hidden=\"true\"><img loading=\"lazy\" decoding=\"async\" width=\"736\" height=\"1040\" src=\"https:\/\/www.cafelapalma.com\/wp-content\/uploads\/2026\/06\/Cartel_Vertice_Cafelapalma_Impresion_page-0001-1-736x1040.jpg\" class=\"attachment-large size-large wp-post-image\" alt=\"\" \/><\/a>\n<\/div>\n\t<div class=\"tribe-related-event-info\">\n\t<h3 class=\"tribe-related-events-title\">\n\t\t<a href=\"https:\/\/www.cafelapalma.com\/en\/programacion\/vertice-marta-canosa\/\" class=\"tribe-event-url\" rel=\"bookmark\">\n\t\t\tV\u00c9RTICE + MARTA CANOSA\t\t<\/a>\n\t<\/h3>\n\t<span class=\"tribe-event-date-start\">4  September@21:30<\/span><span class=\"tribe-event-time\">23:45<\/span><\/div>\n<\/li>\n\t\t\t<li>\n\t\n<div class=\"tribe-related-events-thumbnail\">\n\t<a href=\"https:\/\/www.cafelapalma.com\/en\/programacion\/funkin-donuts\/\" class=\"url\" rel=\"bookmark\" tabindex=\"-1\" aria-hidden=\"true\"><img loading=\"lazy\" decoding=\"async\" width=\"693\" height=\"1040\" src=\"https:\/\/www.cafelapalma.com\/wp-content\/uploads\/2026\/07\/FD-vert2-bn-693x1040.jpg\" class=\"attachment-large size-large wp-post-image\" alt=\"\" \/><\/a>\n<\/div>\n\t<div class=\"tribe-related-event-info\">\n\t<h3 class=\"tribe-related-events-title\">\n\t\t<a href=\"https:\/\/www.cafelapalma.com\/en\/programacion\/funkin-donuts\/\" class=\"tribe-event-url\" rel=\"bookmark\">\n\t\t\tFUNKIN&#8217; DONUTS\t\t<\/a>\n\t<\/h3>\n\t<span class=\"tribe-event-date-start\">5  September@22:00<\/span><span class=\"tribe-event-time\">23:45<\/span><\/div>\n<\/li>\n\t<\/ul>","protected":false},"excerpt":{"rendered":"<p>Luis y Camilo Le-Bert, acompa\u00f1ados por el acordeonista Ra\u00fal Cruzat, presentan una propuesta musical que encarna la identidad y la proyecci\u00f3n de la canci\u00f3n chilena. La Tribu Le-Bert no solo es una uni\u00f3n de talentos; es un puente generacional, familiar y emotivo. En este formato, las trayectorias del hist\u00f3rico Santiago del Nuevo Extremo y la &hellip; <\/p>","protected":false},"author":2,"featured_media":34824,"template":"","meta":{"_tec_requires_first_save":false,"_uag_custom_page_level_css":"","loftloader_page_shortcode":"","_EventAllDay":false,"_EventTimezone":"Europe\/Madrid","_EventStartDate":"2026-10-18 21:00:00","_EventEndDate":"2026-10-18 23:00:00","_EventStartDateUTC":"2026-10-18 19:00:00","_EventEndDateUTC":"2026-10-18 21:00:00","_EventShowMap":false,"_EventShowMapLink":false,"_EventURL":"https:\/\/tickets.baila.fm\/tribu-le-bert-felipe-urtubia-en-madrid-2026","_EventCost":"18","_EventCostDescription":"","_EventCurrencySymbol":"\u20ac","_EventCurrencyCode":"USD","_EventCurrencyPosition":"suffix","_EventDateTimeSeparator":"@","_EventTimeRangeSeparator":"-","_EventOrganizerID":[],"_EventVenueID":[],"_OrganizerEmail":"","_OrganizerPhone":"","_OrganizerWebsite":"","_VenueAddress":"","_VenueCity":"","_VenueCountry":"","_VenueProvince":"","_VenueState":"","_VenueZip":"","_VenuePhone":"","_VenueURL":"","_VenueStateProvince":"","_VenueLat":"","_VenueLng":"","_VenueShowMap":false,"_VenueShowMapLink":false,"_tribe_blocks_recurrence_rules":"","_tribe_blocks_recurrence_description":"","_tribe_blocks_recurrence_exclusions":"","_ecp_custom_2":"","_tribe_events_status":"","_tribe_events_status_reason":"","_tribe_events_is_hybrid":"","_tribe_events_is_virtual":"","_tribe_events_virtual_video_source":"","_tribe_events_virtual_embed_video":"","_tribe_events_virtual_linked_button_text":"","_tribe_events_virtual_linked_button":"","_tribe_events_virtual_show_embed_at":"","_tribe_events_virtual_show_embed_to":[],"_tribe_events_virtual_show_on_event":"","_tribe_events_virtual_show_on_views":"","_tribe_events_virtual_url":"","footnotes":""},"tags":[18853,2865,9147,9146,9531,18852],"tribe_events_cat":[8963],"class_list":["post-34823","tribe_events","type-tribe_events","status-publish","has-post-thumbnail","hentry","tag-cancion-chilena","tag-conciertos-cafe-la-palma","tag-conciertos-madrid","tag-conciertos-malasana","tag-musica-latina","tag-tribu-le-bert","tribe_events_cat-concierto","cat_concierto"],"uagb_featured_image_src":{"full":["https:\/\/www.cafelapalma.com\/wp-content\/uploads\/2026\/09\/MADRID-Tribu-Le-Bert-POST-INSTAGRAM-1.png",1080,1350,false],"thumbnail":["https:\/\/www.cafelapalma.com\/wp-content\/uploads\/2026\/09\/MADRID-Tribu-Le-Bert-POST-INSTAGRAM-1-150x150.png",150,150,true],"medium":["https:\/\/www.cafelapalma.com\/wp-content\/uploads\/2026\/09\/MADRID-Tribu-Le-Bert-POST-INSTAGRAM-1-240x300.png",240,300,true],"medium_large":["https:\/\/www.cafelapalma.com\/wp-content\/uploads\/2026\/09\/MADRID-Tribu-Le-Bert-POST-INSTAGRAM-1-768x960.png",768,960,true],"large":["https:\/\/www.cafelapalma.com\/wp-content\/uploads\/2026\/09\/MADRID-Tribu-Le-Bert-POST-INSTAGRAM-1-832x1040.png",832,1040,true],"1536x1536":["https:\/\/www.cafelapalma.com\/wp-content\/uploads\/2026\/09\/MADRID-Tribu-Le-Bert-POST-INSTAGRAM-1.png",1080,1350,false],"2048x2048":["https:\/\/www.cafelapalma.com\/wp-content\/uploads\/2026\/09\/MADRID-Tribu-Le-Bert-POST-INSTAGRAM-1.png",1080,1350,false],"trp-custom-language-flag":["https:\/\/www.cafelapalma.com\/wp-content\/uploads\/2026\/09\/MADRID-Tribu-Le-Bert-POST-INSTAGRAM-1-10x12.png",10,12,true],"blossom-feminine-slider":["https:\/\/www.cafelapalma.com\/wp-content\/uploads\/2026\/09\/MADRID-Tribu-Le-Bert-POST-INSTAGRAM-1-1080x649.png",1080,649,true],"blossom-feminine-featured":["https:\/\/www.cafelapalma.com\/wp-content\/uploads\/2026\/09\/MADRID-Tribu-Le-Bert-POST-INSTAGRAM-1-1080x600.png",1080,600,true],"blossom-feminine-with-sidebar":["https:\/\/www.cafelapalma.com\/wp-content\/uploads\/2026\/09\/MADRID-Tribu-Le-Bert-POST-INSTAGRAM-1-1020x600.png",1020,600,true],"blossom-feminine-blog":["https:\/\/www.cafelapalma.com\/wp-content\/uploads\/2026\/09\/MADRID-Tribu-Le-Bert-POST-INSTAGRAM-1-435x435.png",435,435,true],"blossom-feminine-cat":["https:\/\/www.cafelapalma.com\/wp-content\/uploads\/2026\/09\/MADRID-Tribu-Le-Bert-POST-INSTAGRAM-1-450x300.png",450,300,true],"blossom-feminine-related":["https:\/\/www.cafelapalma.com\/wp-content\/uploads\/2026\/09\/MADRID-Tribu-Le-Bert-POST-INSTAGRAM-1-320x200.png",320,200,true],"blossom-feminine-schema":["https:\/\/www.cafelapalma.com\/wp-content\/uploads\/2026\/09\/MADRID-Tribu-Le-Bert-POST-INSTAGRAM-1-48x60.png",48,60,true]},"uagb_author_info":{"display_name":"Victor","author_link":"https:\/\/www.cafelapalma.com\/en\/author\/comunicacion\/"},"uagb_comment_info":0,"uagb_excerpt":"Luis y Camilo Le-Bert, acompa\u00f1ados por el acordeonista Ra\u00fal Cruzat, presentan una propuesta musical que encarna la identidad y la proyecci\u00f3n de la canci\u00f3n chilena. La Tribu Le-Bert no solo es una uni\u00f3n de talentos; es un puente generacional, familiar y emotivo. En este formato, las trayectorias del hist\u00f3rico Santiago del Nuevo Extremo y la&hellip;","_links":{"self":[{"href":"https:\/\/www.cafelapalma.com\/en\/wp-json\/wp\/v2\/tribe_events\/34823","targetHints":{"allow":["GET"]}}],"collection":[{"href":"https:\/\/www.cafelapalma.com\/en\/wp-json\/wp\/v2\/tribe_events"}],"about":[{"href":"https:\/\/www.cafelapalma.com\/en\/wp-json\/wp\/v2\/types\/tribe_events"}],"author":[{"embeddable":true,"href":"https:\/\/www.cafelapalma.com\/en\/wp-json\/wp\/v2\/users\/2"}],"version-history":[{"count":0,"href":"https:\/\/www.cafelapalma.com\/en\/wp-json\/wp\/v2\/tribe_events\/34823\/revisions"}],"wp:featuredmedia":[{"embeddable":true,"href":"https:\/\/www.cafelapalma.com\/en\/wp-json\/wp\/v2\/media\/34824"}],"wp:attachment":[{"href":"https:\/\/www.cafelapalma.com\/en\/wp-json\/wp\/v2\/media?parent=34823"}],"wp:term":[{"taxonomy":"post_tag","embeddable":true,"href":"https:\/\/www.cafelapalma.com\/en\/wp-json\/wp\/v2\/tags?post=34823"},{"taxonomy":"tribe_events_cat","embeddable":true,"href":"https:\/\/www.cafelapalma.com\/en\/wp-json\/wp\/v2\/tribe_events_cat?post=34823"}],"curies":[{"name":"wp","href":"https:\/\/api.w.org\/{rel}","templated":true}]}}

<div  class="tribe-events-schedule tribe-clearfix" >
	<p class="tribe-events-schedule__datetime">
		<span class="tribe-events-schedule__date tribe-events-schedule__date--start">
			18  October		</span>

					<span class="tribe-events-schedule__separator tribe-events-schedule__separator--date">
				@			</span>
			<span class="tribe-events-schedule__time tribe-events-schedule__time--start">
				21:00			</span>
		
									<span class="tribe-events-schedule__separator tribe-events-schedule__separator--time">
					&#8211;				</span>
			
							<span class="tribe-events-schedule__time tribe-events-schedule__time--end">
					23:00				</span>
			
						</p>
</div>


<div  class="tribe-block tribe-block__event-price" >
			<span class="tribe-block__event-price__cost"> 18€ </span>
				<span class="tribe-block__event-price__description">+ gg Anticipada (incluye UNA CONSUMICIÓN) | 20€ Taquilla (incluye UNA CONSUMICIÓN)</span>
	</div>



<div class="wp-block-columns is-layout-flex wp-container-core-columns-is-layout-8f761849 wp-block-columns-is-layout-flex">
<div class="wp-block-column is-layout-flow wp-block-column-is-layout-flow" style="flex-basis:33.33%">
<figure class="wp-block-image size-large"><img loading="lazy" decoding="async" width="832" height="1040" src="https://www.cafelapalma.com/wp-content/uploads/2026/09/MADRID-Tribu-Le-Bert-POST-INSTAGRAM-1-832x1040.png" alt="" class="wp-image-34824" srcset="https://www.cafelapalma.com/wp-content/uploads/2026/09/MADRID-Tribu-Le-Bert-POST-INSTAGRAM-1-832x1040.png 832w, https://www.cafelapalma.com/wp-content/uploads/2026/09/MADRID-Tribu-Le-Bert-POST-INSTAGRAM-1-240x300.png 240w, https://www.cafelapalma.com/wp-content/uploads/2026/09/MADRID-Tribu-Le-Bert-POST-INSTAGRAM-1-10x12.png 10w, https://www.cafelapalma.com/wp-content/uploads/2026/09/MADRID-Tribu-Le-Bert-POST-INSTAGRAM-1-768x960.png 768w, https://www.cafelapalma.com/wp-content/uploads/2026/09/MADRID-Tribu-Le-Bert-POST-INSTAGRAM-1-48x60.png 48w, https://www.cafelapalma.com/wp-content/uploads/2026/09/MADRID-Tribu-Le-Bert-POST-INSTAGRAM-1.png 1080w" sizes="auto, (max-width: 832px) 100vw, 832px" /></figure>


<div  class="tribe-block tribe-block__event-website" >
	<a
		href="https://tickets.baila.fm/tribu-le-bert-felipe-urtubia-en-madrid-2026"
		target="_self"
			>
		BUY TICKETS	</a>
</div>
</div>



<div class="wp-block-column is-layout-flow wp-block-column-is-layout-flow" style="flex-basis:66.66%">
<div style="height:100px" aria-hidden="true" class="wp-block-spacer"></div>



<p class="has-text-align-left wp-block-paragraph">Luis y Camilo Le-Bert, acompañados por el acordeonista Raúl Cruzat, presentan una propuesta musical que encarna la identidad y la proyección de la canción chilena.</p>



<p class="has-text-align-left wp-block-paragraph"><strong>La Tribu Le-Bert</strong> no solo es una unión de talentos; es un puente generacional, familiar y emotivo. En este formato, las trayectorias del histórico Santiago del Nuevo Extremo y la aclamada banda Fósil convergen para interpretar un repertorio que abarca desde los himnos ineludibles de la música popular chilena hasta las nuevas composiciones de la Tribu, logrando una comunión especial e inolvidable con públicos de todas las edades.</p>



<p class="has-text-align-left wp-block-paragraph">Con canciones como “A mi Ciudad”, “Simplemente”, “Homenaje”, “Linda la Minga” y las premiadas cuecas blues («Cueca Blues El Combo Cuequero») hasta llegar a “Canela y Baldomero”,“Canción por este Encierro” y “Tractorcito Azul”.</p>
</div>
</div>


<h2 class="tribe-block__related-events__title">Related Events</h2>

<ul  class="tribe-related-events tribe-clearfix" >
			<li>
	
<div class="tribe-related-events-thumbnail">
	<a href="https://www.cafelapalma.com/en/programacion/fent-daboga-keruviin/" class="url" rel="bookmark" tabindex="-1" aria-hidden="true"><img loading="lazy" decoding="async" width="832" height="1040" src="https://www.cafelapalma.com/wp-content/uploads/2026/07/cartel_concierto_03-09-832x1040.jpeg" class="attachment-large size-large wp-post-image" alt="" /></a>
</div>
	<div class="tribe-related-event-info">
	<h3 class="tribe-related-events-title">
		<a href="https://www.cafelapalma.com/en/programacion/fent-daboga-keruviin/" class="tribe-event-url" rel="bookmark">
			F€NT + DABOGA + KERUVIIN		</a>
	</h3>
	<span class="tribe-event-date-start">3  September@21:00</span><span class="tribe-event-time">23:59</span></div>
</li>
			<li>
	
<div class="tribe-related-events-thumbnail">
	<a href="https://www.cafelapalma.com/en/programacion/vertice-marta-canosa/" class="url" rel="bookmark" tabindex="-1" aria-hidden="true"><img loading="lazy" decoding="async" width="736" height="1040" src="https://www.cafelapalma.com/wp-content/uploads/2026/06/Cartel_Vertice_Cafelapalma_Impresion_page-0001-1-736x1040.jpg" class="attachment-large size-large wp-post-image" alt="" /></a>
</div>
	<div class="tribe-related-event-info">
	<h3 class="tribe-related-events-title">
		<a href="https://www.cafelapalma.com/en/programacion/vertice-marta-canosa/" class="tribe-event-url" rel="bookmark">
			VÉRTICE + MARTA CANOSA		</a>
	</h3>
	<span class="tribe-event-date-start">4  September@21:30</span><span class="tribe-event-time">23:45</span></div>
</li>
			<li>
	
<div class="tribe-related-events-thumbnail">
	<a href="https://www.cafelapalma.com/en/programacion/funkin-donuts/" class="url" rel="bookmark" tabindex="-1" aria-hidden="true"><img loading="lazy" decoding="async" width="693" height="1040" src="https://www.cafelapalma.com/wp-content/uploads/2026/07/FD-vert2-bn-693x1040.jpg" class="attachment-large size-large wp-post-image" alt="" /></a>
</div>
	<div class="tribe-related-event-info">
	<h3 class="tribe-related-events-title">
		<a href="https://www.cafelapalma.com/en/programacion/funkin-donuts/" class="tribe-event-url" rel="bookmark">
			FUNKIN&#8217; DONUTS		</a>
	</h3>
	<span class="tribe-event-date-start">5  September@22:00</span><span class="tribe-event-time">23:45</span></div>
</li>
	</ul>

<p>Luis y Camilo Le-Bert, acompañados por el acordeonista Raúl Cruzat, presentan una propuesta musical que encarna la identidad y la proyección de la canción chilena. La Tribu Le-Bert no solo es una unión de talentos; es un puente generacional, familiar y emotivo. En este formato, las trayectorias del histórico Santiago del Nuevo Extremo y la &hellip; </p>

Luis y Camilo Le-Bert, acompañados por el acordeonista Raúl Cruzat, presentan una propuesta musical que encarna la identidad y la proyección de la canción chilena. La Tribu Le-Bert no solo es una unión de talentos; es un puente generacional, familiar y emotivo. En este formato, las trayectorias del histórico Santiago del Nuevo Extremo y la&hellip;
